- (-1 + 22)) - 9) + 10)?
116
What is -9 - -18 - (258 + -248)?
-1
(-26 - -16) + (-48 - -117)
59
What is the value of 6 + 0 - (-449 - -433 - (-3 + -10))?
9
2 + 7 - ((10 - 7 - (-5 + -93)) + 12)
-104
Calculate 3 + -20 - (19 + -76 + 10 + 18).
12
Evaluate (67 - (0 - 0)) + (-22 + -110 - -131).
66
-9 + -1 - (5 - (-9 + (12 - 4) + 1))
-15
(-15 - (2 + -3)) + (18 - 16) + -12
-24
Calculate -7 - (-15 - (-12 + 1 - -6)) - -22.
25
Calculate -70 - (33 + -263 + 89).
71
Calculate -24 - (-8 - ((7 - 10) + 8)).
-11
What is the value of 0 - 14 - (17 + (47 - (-28 - -139)))?
33
Evaluate (9 - (-5 + 11 + 2)) + 25 + 1.
27
Calculate -68 + 48 + -8 + 57 - (0 - 7).
36
Calculate 29 + (11 - (-33 - -59)).
14
What is 117 + -41 + -2 + (5 - 1)?
78
Calculate 73 + 9 + -33 - (-14 + 3 + 2).
58
Calculate 46 + (-40 - (-80 + 47)).
39
What is (39 + -10 + -52 - (-9 - (3 - 1))) + 14?
2
72 + -94 + 8 + 2 + (2 - 2)
-12
What is the value of (1 + -184 - (-139 + 104)) + 34?
-114
What is the value of 108 + (-178 - (-141 - -79))?
-8
Calculate (-22 - 5) + 33 - 16 - 49.
-59
Calculate 182 - 120 - (16 + -6 + -15).
67
What is -19 - (-89 + -88 + 110)?
48
-5 + -31 + (-28 - -39)
-25
What is 165 - (37 + -4 + 17 + -8)?
123
Calculate -36 - (3 - (75 + -17 + 35)).
54
-17 - (-345 + 336 + -1 + -23) - 15
1
Calculate (1 - -18) + (-61 + 45 - 7).
-4
9 + -6 + (-11 + 19 - 33)
-22
What is 1 + -3 + 7 + 5 + (45 - (-20 + 36))?
39
Calculate -4 + -32 + 255 - 124.
95
Evaluate (-3 - (2 - 4) - -45) + -3610 + 3608.
42
Evaluate 99 + 127 + -118 + -123.
-15
What is 54 - (3 - (37 - 12) - -34)?
42
What is the value of 24 + (2 - (-1 + 19 - (49 - 39)))?
18
What is the value of -28 + 31 + (1 - 20) + (199 - 233)?
-50
What is -16 - (-21 - 4 - -20) - (103 - (7 - 2))?
-109
Evaluate (1828 - 1840) + (-3 + 2 - (-75 - 0)).
62
What is 53 + (227 - 122) + -164?
-6
What is the value of 17 - 3 - 5 - (37 - 10)?
-18
What is the value of -74 + (41 - (-119 + 109))?
-23
What is the value of (0 - -6) + 5 + (-12 - -7) + 14?
20
What is the value of -1 + (-2 - 46) - (-40 - (-1 - -18) - -65)?
-57
What is the value of (31 - 42) + -1 + 6 - (124 - 64)?
-66
What is -56 + (8 + 8 - 27)?
-67
Evaluate (-3 - (-12 + 5)) + 0 + (-2 - -8).
10
What is the value of (-1 - -22) + (43 + -94 - -47)?
17
Evaluate -593 - -518 - (9 + (10 - 21) + -1 + 14).
-86
What is (57 - 53) + 6 + -7?
3
What is the value of -26 + (-7 - -37 - 13) - (1 - -20)?
-30
Evaluate (5 - 11) + 7 + 48 + -55.
-6
What is 105 + (29 - 1) + (-7 - 23)?
103
-27 + 38 + -1 + 25
35
What is -51 - ((-21 - -5) + 4) - (-6 + -7 - -5)?
-31
What is -95 + -25 + (53 - -14)?
-53
Calculate -73 - (-10 - (73 + -35)).
-25
Evaluate 11 + 9 + (15 - 4 - 9 - (-13 - -4)).
31
25 - 0 - ((-75 - -76) + (7 - 0))
17
Calculate (-1 - (36 - 20)) + 10 - -67.
60
Evaluate (673 - 675) + -41 + 1.
-42
What is the value of 5 + -1 + -9 - ((-29 - 2) + 17) - -41?
50
-82 - (106 + (-282 - -63))
31
Calculate 4 + (9 - (38 - (16 - 7))).
-16
Evaluate (9 - (6 + -11)) + -4 + 0 + 111 + -59.
62
(7 + -9 + 10 - 7) + (4 - (59 - 10))
-44
Evaluate -12 + -13 - (4 - 3 - (-22 + 15)) - 0.
-33
Evaluate 46 + -99 - (20 + -93).
20
Evaluate 25 - 96 - -67 - (0 - 40).
36
What is the value of (-5 - 19 - -32) + 60 - (1 + 23)?
44
Evaluate (1377 - 1375) + -2 + -22.
-22
Evaluate 130 + 15 + 50 - 67.
128
What is the value of -3 + (-91 - (52 - (29 - -6)))?
-111
107 - 115 - (6 + 2 + (-1 - 5) + -91)
81
-171 + 164 + (-3 + (-4 - -22) - 2) - -31
37
What is 6 - -29 - (-78 - -74 - (1 - 18))?
22
Calculate (-1 + -9 - -13) + -5 + (6 - -5) + 20.
29
What is (2 - 1) + -4 + (11 + -30 - -5)?
-17
Evaluate (1 + 35 - 21) + (-5 - (-9 + 3) - 101).
-85
What is -3 - (-60 + 43 - -40)?
-26
What is 39 - ((-86 - -30) + (5 - -36))?
54
Evaluate 2 - (52 - (-33 + 40)).
-43
What is (11 - (-3 + (13 - 14))) + 9?
24
Evaluate -8 - (-3 + (-17 - 1) + 25 + -13).
1
Calculate (-4 - (-52 + 102)) + -10.
-64
Calculate -5 + (13 + 7 - 12) - -5.
8
Calculate (22 - (45 + -15 + -6)) + 1 + 5 - -46.
50
-3 + (35 - 13) + -7 + -10
2
Calculate -2 + 19 + (141 + -176 - (43 + -6)).
-55
Evaluate -4 + (-25 + 41 - 25) - (2 + 73).
-88
68 + -1 - (-1138 + 1272)
-67
-11 + -10 + -14 - -11 - -115
91
Calculate (-6 - -19) + -5 + 20 + -77.
-49
-32 + (-13 + 17 - -115) - 5
82
Calculate 42 + -22 - 50 - -23 - -48.
41
Evaluate 63 + -68 + 26 - 51.
-30
What is the value of 15 - 17 - (1 + 6 + -2 + -56 + -5)?
54
Evaluate 77 + -1 + (34 - (44 - 11)).
77
-1 - 8 - (-25 - -4 - (43 + -59))
-4
Evaluate -210 + 199 - (-6 + -4 - -2).
-3
Evaluate 9 + -12 + -43 + 19 + -16 + (0 - 3).
-46
Evaluate 804 + -789 + 5 + -54 + (-1 - 2).
-37
Calculate (5 - 1) + (-116 - -128) + (-7 - -2).
11
-89 + 74 + 41 + -22
4
What is the value of -51 - (19 + -74 + -9)?
13
What is -6 - -26 - (2 + -9 + 21)?
6
Calculate 74 - (41 - (26 + 10 + 3)).
72
Evaluate (-1 - 6 - 1) + (-102 + -286 - -314).
-82
(548 - 550) + (18 - (4 + (4 - 5)))
13
-40 + 52 + (0 - 2) + -3 + -2 + -17
-12
Calculate -20 + 3 + 23 + (-32 - -55).
29
Evaluate 65 + (79 - 73) + 4 + -22 + 5.
58
Evaluate 17 + (33 - (-21 + 7 - -24)).
40
78 - 98 - -64 - 116
-72
Evaluate 27 + -42 - 1 - -11.
-5
-40 + -1 + (-16 + -10 - -39)
-28
Evaluate 12 + (13 - 15) - (25 + -3).
-12
Evaluate 46 + 3 - (225 + -205).
29
What is the value of -16 + (-1 + 55 - (42 + 18 + -45))?
23
Calculate 7 + -96 - (-218 - -72).
57
Evaluate 10 + 40 - (60 - 8).
-2
Evaluate (51 + -38 - 38) + 33.
8
What is the value of (-19 - -8) + 5 + -195 + 147?
-54
Calculate (-74 - 72) + 56 - (-3 - 0 - (-15 + 4)).
-98
What is 151 + -213 + 83 + 22?
43
What is 64 - (22 + (11 + -22 - -8))?
45
(-10 + 80 + (20 - 28) - -2) + 19
83
What is the value of -10 + 14 - 53 - (-40 + 57)?
-66
What is the value of (1 + -3 - (76 + -83)) + (-35 - -4)?
-26
5 + -20 - (3 + -10 + 13)
-21
What is (162 + 2 - 156) + (0 - 88)?
-80
What is (-22 - -43) + -8 - (-16 - -5)?
24
-12 - (-2 + -19 + -4 + 5)
8
(7 - 17) + (2 + 16 - 14) + -1 + 45
38
What is the value of (0 - -1) + 1 + -3 - (-136 + 95 + 22)?
18
What is the value of (-7 - (-14 + 12)) + (14 - 10) + -13?
-14
What is the value of 6 + (-8 - -4 - (12 + -6 + 6))?
-10
(-66 - -126 - 91) + -24
-55
126 + -163 - (21 - 15)
-43
What is the value of -33 + 8 + 16 - (-31 - -45)?
-23
-75 - (18 + -131 + 62)
-24
Calculate -140 + 162 + (31 + 2 - -7).
62
What is 73 + (21 - (102 + -13))?
5
What is the value of -91 + 92 + (1 - 4) + (-1 - -6) + -41?
-38
Calculate -3 + (-9 - 0) + (45 - (-31 + 73)).
-9
Calculate (28 - -3) + -277 + 242 + 21.
17
-7 + 5 - (-23 - (-12 - -3) - -52)
-40
(5 - -143 - 117) + (-11 - 1)
19
What is -50 + (93 - 64) + 25?
4
What is the value of -76 - (-12 - (-13 - 2) - ((1 - -9) + -10))?
-79
Calculate (-10248 - -10111) + (10 - 0).
-127
Evaluate -6 - ((-19 - -25) + (9 + 54 - (3 + 1))).
-71
What is 74 - 68 - (-2 + 34)?
-26
What is the value of -1 - 44 - -1 - (-17404 + 17404)?
-44
What is (53 - (-16 + 7 + 5)) + -12?
45
Evaluate -8 - (-18 - -11) - (3 - (134 + -1 + -16)).
113
18 - (74 - ((20 - 17) + -12))
-65
(-3 - 14) + -5 + 2 + (31 - 30)
-19
Evaluate 71 + -61 + 3 + 0 - (0 - (-6 + -4)).
3
What is the value of (-12 - -40) + -36 - -13 - (-4 - 1)?
10
-27 + (-36 - (45 - 70))
-38
What is the value of -38 - (-2 + ((5 - 8) + -3 - (-4 - 6)))?
-40
What is -93 - -137 - -11 - (10 + 0)?
45
What is the value of (-18 - (-24 - -5)) + -22 - -20?
-1
What is 41 + ((-13 - -26 - 24) + 6 - -5)?
41
What is the value of -85 + 18 + 67 + -28?
-28
What is the value of -102 + -40 + (-2 - -29) + -30?
-145
What is (0 - 9) + (13 - 24) + 39 + -9?
10
What is -43 + -4 - -2 - 4?
-49
What is the value of -69 + (48 - 10 - 38)?
-69
What is 4 + -4 + (-3 - -12 - (-2 - 5))?
16
What is the value of (-34 - (-66 - 26)) + -125?
-67
Evaluate (-79 - -211) + -136 - (-28 + (-1 - -1)).
24
What is the value of 39 - (164 - 104 - -25)?
-46
-17 + (21 - (-41 - -27)) + 89 + 0
107
What is (-86 + (2 - 3) - (-275 + 299)) + 10?
-101
What is (-55 - -8) + 9 + (-286 - -264) + -6 + -2?
-68
Calculate -2 + (1 + (6 - -8) - 44).
-31
What is the value of 88 - (-49 - 47 - -170)?
14
What is (55 - 30) + -3 + 92 + -39?
75
Calculate (1 - 10) + (-1 - (51 + -28)).
-33
Calculate 17 + 11 + (-146 - -126).
8
What is -64 + -186 + 211 + 1 + -10 - 10?
-58
Evaluate 5 + 0 - 3 - (-22 - -50 - 18 - -29).
-37
Calculate 0 + 41 + (-63 + 21 - -21).
20
Evaluate (-12 - (-8 - -3 - -1)) + (-13 - 7).
-28
What is 37 + 2 + -300 + 322?
61
Evaluate (-6 - -1) + (6 - 11) + (-4 - (-15